er?
True
Let a(w) = 589*w**3 - w**2 + 72*w - 277. Is a(4) a prime number?
True
Suppose -6*c = -34 + 28. Is 5/(-2) + c + (-529)/(-2) a composite number?
False
Let h be (-27)/3 + -9 + 10. Let w(y) = -y**3 + 4*y**2 - 9*y - 43. Is w(h) composite?
False
Suppose 0 = -28*f - 22*f + 400. Suppose f*m - 10*m + 22 = 0. Is m a prime number?
True
Suppose -4*w + 4*x = 56, -18 = w - 0*w - 2*x. Is (w/20)/(2/(-14356)) prime?
False
Let t(o) = 27*o - 21. Let r be (-1)/(-3) + 2 + (-51)/(-9). Let g(k) = 5*k - 20. Let d be g(r). Is t(d) a prime number?
False
Let z(x) = -x + 1. Let p be z(-5). Let i(j) = 38*j**2 + 9*j + 3. Let a(n) = 76*n**2 + 19*n + 13. Let g(o) = -2*a(o) + 5*i(o). Is g(p) prime?
True
Let z(d) = 14*d - 81. Let c be z(6). Suppose c*k - 30640 = -5*j, 13270 - 988 = 2*j - 4*k. Is j prime?
True
Let q(i) = -9*i - 7. Let v be q(-2). Let x be v/4 - (-1)/4. Is -2*(-1 + -1161) - (0 + x) a prime number?
False
Suppose 0 = 2*j - 62721 + 9907. Is j prime?
True
Let a = -6002 + 191. Let d = a - -9910. Is d composite?
False
Suppose -3*h - 5*y = -71385 - 112479, 5*h - 306406 = 3*y. Is h prime?
True
Let v(k) = 18*k**2 + k - 30. Let p be v(-10). Suppose -3*d - 5*c = -6*c - p, 2939 = 5*d + 4*c. Is d a prime number?
True
Let x = 154 + -141. Let h(g) = -g**3 + 22*g**2 + 10*g + 6. Is h(x) composite?
False
Let q = 9485 + -3696. Is q a composite number?
True
Suppose 0 = k + d - 862, -5*k + 3*d + 1709 = -3*k. Let q = 1266 - k. Is q composite?
True
Let m be ((-14)/(-3) + -3)*9. Suppose 0 = -f - 2*f + 15, 3*f - m = 4*q. Suppose 4*l + 1403 = -3*o + 8422, -2*o + 2*l + 4656 = q. Is o a composite number?
False
Let i(q) = 6 - 2*q + 0*q - 5*q + 6*q. Let w be i(-2). Suppose w*c = 10*c - 514. Is c a composite number?
False
Let f = 338 + -336. Suppose -3*l + y + 42149 = 0, -f*l + 70275 = 3*l + 5*y. Is l prime?
True
Suppose -2*v = 5*p - 2205322 - 37075, -5*p - 2242367 = -2*v. Is v a prime number?
True
Suppose 2270 = 27*v - 3049. Let y = v + -88. Is y composite?
False
Suppose 3*k + 44 = 4*w - 35, -k - 4*w - 5 = 0. Let x(f) = f**3 + 25*f**2 - 9*f - 22. Is x(k) composite?
False
Suppose -7*p = -519637 + 17044. Suppose -p = -5*u - 18544. Is u a composite number?
False
Suppose -13290 = 6*l - 9*l. Suppose -17*k + l = -2829. Is k composite?
True
Let h be ((-6)/(-2))/((-7)/(-14)). Let f be -9 + ((-6)/8)/(h/(-16)). Is (f/((-14)/4))/((-4)/(-2122)) composite?
False
Suppose -18 = -3*a - 4*u - 4, -5*a = 5*u - 20. Suppose 3*f - a*h = 2 + 4, -3*f = h + 3. Suppose f = -2*m - 2, 3*m = -2*o + 747 - 244. Is o composite?
True
Suppose -17*s + 38249 + 118253 = 0. Let t = s + 13023. Is t composite?
False
Let b(a) be the second derivative of 5*a**3/6 - 29*a**2/2 + a. Let n be b(6). Is (1 - 105*-2) + (1 - n) a composite number?
False
Let m be -2*(-2)/24 + (-138)/(-36). Let v be (2 + (-8)/m)/(-1). Suppose 111 = -n + s + 351, -4*n + 3*s + 955 = v. Is n a prime number?
False
Suppose 1544944 = 19*w - 3*w. Is w a prime number?
False
Let n be (-109216)/96 + 2/(-6). Let f = -449 - n. Is f composite?
True
Let o(v) = v**2 + 2. Let p be o(0). Let z(j) = -j**3 + j**2 + 17*j - 10. Let n be z(-4). Suppose -3*w - 890 = -n*h, 2*h + p*w = -0*h + 890. Is h composite?
True
Let t(q) = -2*q**2 - 78*q + 24. Let s be t(-39). Suppose -190789 = -s*o + 377603. Is o a prime number?
False
Is ((-466876)/6)/(((-42)/(-14))/(9/(-2))) prime?
True
Let z(w) = w**3 + 20*w**2 + 76*w + 18. Let a be z(-15). Suppose 13 - 1 = -a*d, d - 20616 = -4*s. Is s prime?
False
Let h be (2/1)/(4/10). Suppose 4*u - 56 = -3*v - 15, v = -h*u - 1. Is v composite?
False
Suppose -122408 = -55*n - 4378. Let p = 18 + 3. Is n/7 - (-9)/p a composite number?
False
Let a(k) = 85*k**2 + 18*k + 3. Let w be a(-12). Suppose 0 = 22*r - w - 8719. Is r a prime number?
False
Suppose 4*g - 2*c = 186934, -233669 = 143*g - 148*g + 4*c. Is g a prime number?
False
Let t = 63 + -115. Let v = -59 - t. Let d(l) = -2*l**3 - 4*l**2 - 2*l + 7. Is d(v) composite?
True
Let h(w) = 37*w**2 + 30*w - 8. Is h(-21) composite?
False
Let b(u) = u**2 - u - 2. Let o be b(4). Let y(p) = 25 + o*p - 3*p**2 - p**3 - 15*p - 8. Is y(-6) a prime number?
False
Let h be 4 - (-4 + 0)/(-4). Suppose -4*l - l + 19 = 3*t, 21 = h*l + 5*t. Suppose -l*u + 2101 = 9*u. Is u a composite number?
False
Let a = 68 + 65. Is 76/a + 216309/21 a prime number?
True
Let j = -509 - -507. Is ((-126995)/10)/(1/j) prime?
False
Suppose -315*b + 319*b - 2444 = 0. Is b composite?
True
Suppose -13*v + 3 = -36. Suppose v*d = o + 64126, 4*o - 15 = o. Is d a composite number?
False
Let x = 330 + -330. Suppose x*i - 2*i = -3*y + 51685, 4*i - 68940 = -4*y. Is y a prime number?
True
Let m(g) = g**3 - 10*g**2 + 4. Let r be m(10). Let s be 6/9*(-2)/(r/3). Is ((-1 - s) + -2047)*(-47 - -46) a prime number?
False
Let n(m) be the first derivative of 40*m**3/3 + 7*m**2/2 + m - 12. Let q be n(4). Let c = 1300 - q. Is c a prime number?
True
Suppose 4*o + 2*i = 2, 6*i - 7*i - 2 = o. Is o/(-2)*(-57370)/15 a prime number?
True
Let w = 327129 - 75842. Is w prime?
True
Suppose 1104278 = -12*u + 7*u + 19*u. Is u a prime number?
True
Suppose 202156 = -44*c + 679996. Is c/(-120)*44/(-2) a prime number?
False
Let n be 2/((2/8)/(5/8)). Suppose 4*o = n*z - 1446, -3*o + 1162 = 4*z - o. Let b = 424 - z. Is b composite?
True
Is (-24529037)/(-28) - (-14)/(-49) - (-142)/568 composite?
True
Let k = 273731 + 460898. Is k prime?
False
Is 8*7/(-42) + (-1071255)/(-9) composite?
False
Is (-45 + 43)/((-2)/34583) composite?
False
Suppose 1858094 = -185*f + 199*f. Is f composite?
False
Let c(k) = k**2 + 13*k + 19. Let p be c(-9). Let r(o) = o**3 + 19*o**2 + 32*o - 41. Let l be r(p). Let y(j) = 29*j**2 + 6*j. Is y(l) a prime number?
False
Let o(d) = -639*d + 2. Let q be o(6). Let j be ((-18)/(-24)*-18)/((-6)/2436). Let s = q + j. Is s prime?
False
Let y(c) = -15*c**2 - 2*c + 5. Let n(b) = 16*b**2 + 2*b - 5. Let w be (48/(-40))/(6/(-20)). Let j(g) = w*n(g) + 3*y(g). Is j(-6) a composite number?
True
Suppose -4*u = -383 + 375. Suppose -s + 721 = -2*r, 0 = u*s - r - 326 - 1110. Is s composite?
True
Let o(d) be the second derivative of 13*d**4/12 - 7*d**3/6 - 23*d**2/2 + d - 38. Is o(-6) a prime number?
True
Suppose 0 = -3*b - 5*m + 16882, 4*m + 22488 = 25*b - 21*b. Let q = b + -2391. Is q a prime number?
False
Suppose 2*d - 74 + 68 = 0. Suppose 0 = -2*r - d*u + 16654 - 2791, 13839 = 2*r - 5*u. Is r prime?
False
Let m = 173600 + 838533. Is m a prime number?
True
Suppose -4*m + 3591 = -4*h - 837, 0 = -4*h + 20. Suppose -m = -2*o + 222. Is o a composite number?
True
Let w = -1299 - -876. Let y = w + 754. Is y a composite number?
False
Let q = 773 + 6030. Is q composite?
False
Is 1/(1/(-280766))*153/(-306) composite?
True
Let f = 73 - 70. Suppose -2*m + 7*g + 16570 = 3*g, 3*g = f*m - 24846. Is m composite?
True
Suppose 4*a = -3*w + 1, 0*a + 3*a + 2*w - 2 = 0. Let h be (-1113)/((-2)/a + -1). Suppose 4*n = -g + 1866, 5*n - h - 1595 = g. Is n composite?
False
Let h(t) = -4493*t - 3. Is h(-10) prime?
True
Suppose 0 = -3*o - 12, o = 4*z + 6*o - 12. Suppose 2*m - m = z. Suppose -m*r + 4180 = -516. Is r composite?
False
Let g = -57 - -63. Let s(f) = 6*f**3 - 25*f**2 + 11*f - 16. Is s(g) composite?
True
Let a = -415693 + 680916. Is a composite?
True
Let b be 12/(-18) - (0 - (-47706)/(-9)). Suppose -b = 8*y + 100. Let u = 8 - y. Is u prime?
True
Suppose -1181877 = -5*k + 2*h, -4*k - 376*h + 945496 = -379*h. Is k prime?
True
Suppose -3*d - 9 = 0, 0 = -5*b + 6*b + d - 69424. Is b composite?
False
Is (0 + 23554/(-4))/((-118)/236) a composite number?
False
Let d(r) be the first derivative of -9*r**4/4 - r**3/3 - r**2/2 + 5. Let c be d(-1). Suppose -c = 3*j - 654. Is j prime?
False
Let a be (-128)/(-60) - 2/15. Suppose a*m - m - 3*z = 9, -36 = -4*m - 5*z. Suppose m*c = 5*c - 5*p + 696, -4*c = -2*p - 668. Is c composite?
True
Let l = -557010 + 942907. Is l composite?
False
Suppose 3*y = -39*f + 35*f + 37, 0 = -3*f - y + 24. Suppose -8 = 2*m, -f*k + 8489 = -4*k - 5*m. Is k composite?
True
Is -1 + 6/14 - 1073766/(-14) a composite number?
False
Let k = 24719 + -6606. Is k a composite number?
True
Let z(p) = -p + 1. Let f be z(-7). Is ((-30)/f)/5 + 2395/20 a composite number?
True
Suppose 35*o - 1321433 = -8*o. Is o a prime number?
False
Let b(t) = 4*t**3 - 4*t**2 + 4*t + 9. Let p be b(-4). Let g = p 